isor of 1101982 and 4879?
7
What is the highest common divisor of 1060616 and 17070?
1138
Calculate the highest common divisor of 117723020 and 40.
20
What is the greatest common factor of 6622918 and 13302?
1478
Calculate the greatest common divisor of 42838745 and 310.
155
Calculate the greatest common factor of 19266 and 1940874.
78
What is the highest common divisor of 5486 and 49010?
26
Calculate the greatest common factor of 44844 and 408924.
444
What is the greatest common factor of 728724333 and 426?
213
Calculate the greatest common factor of 12 and 44630004.
12
Calculate the highest common factor of 107996 and 52548.
116
Calculate the greatest common divisor of 376 and 11049512.
376
Calculate the greatest common divisor of 47296 and 58592.
32
What is the highest common divisor of 246682986 and 198?
66
What is the greatest common factor of 7077 and 5108583?
1011
What is the highest common factor of 182 and 132781558?
182
What is the highest common divisor of 12532 and 1813656?
52
What is the highest common divisor of 154 and 126057272?
22
Calculate the greatest common factor of 25750890 and 950.
190
Calculate the highest common divisor of 779 and 8223329.
41
What is the highest common divisor of 33 and 51237593?
11
What is the greatest common divisor of 912237 and 7967?
31
Calculate the highest common factor of 112437288 and 51300.
2052
Calculate the highest common divisor of 1300 and 22773725.
325
What is the highest common divisor of 9696 and 45412428?
1212
What is the highest common factor of 423 and 364720?
47
What is the greatest common factor of 87 and 52423967?
29
Calculate the greatest common factor of 11001410 and 224.
14
What is the greatest common factor of 1265 and 10583105?
115
Calculate the greatest common factor of 54287660 and 60.
20
What is the highest common divisor of 1809 and 207708174?
603
What is the highest common factor of 522179142 and 298?
298
What is the greatest common divisor of 138 and 128651857?
23
Calculate the greatest common factor of 1736 and 6252762.
62
What is the highest common divisor of 124451 and 576067?
1283
Calculate the greatest common factor of 14196840 and 2080.
40
What is the highest common divisor of 766928088 and 1296?
648
What is the greatest common factor of 17277 and 51519?
39
What is the highest common divisor of 1040864 and 319?
11
Calculate the highest common factor of 666 and 78696558.
666
What is the greatest common factor of 1472 and 7328168?
184
What is the greatest common divisor of 60360554 and 2?
2
What is the greatest common divisor of 8238410 and 460?
10
Calculate the highest common factor of 39648 and 903504.
336
What is the highest common divisor of 12586 and 13543?
29
Calculate the greatest common factor of 209065810 and 80.
10
Calculate the greatest common factor of 1816812 and 208350.
8334
Calculate the greatest common divisor of 62507243 and 389.
389
What is the highest common factor of 458 and 279541903?
229
What is the greatest common factor of 2209 and 48593582?
2209
What is the greatest common divisor of 2427023990 and 10?
10
What is the greatest common divisor of 281896 and 1494984?
1336
Calculate the greatest common divisor of 25228970 and 156.
26
What is the greatest common divisor of 166994083 and 1307?
1307
What is the greatest common divisor of 924 and 417564?
84
Calculate the greatest common factor of 41287265 and 265.
265
What is the greatest common factor of 351 and 571833?
27
Calculate the greatest common factor of 14074749 and 13.
13
What is the greatest common factor of 163709 and 23842?
91
Calculate the greatest common divisor of 52 and 1750658.
26
What is the highest common divisor of 920 and 13714900?
460
What is the greatest common factor of 1664 and 8565492?
52
Calculate the greatest common divisor of 331 and 56957818.
331
Calculate the highest common divisor of 7965112 and 544.
136
What is the greatest common divisor of 5082 and 11529606?
726
What is the highest common factor of 148730960 and 21?
7
Calculate the greatest common factor of 45920 and 952.
56
What is the highest common divisor of 20967733 and 139?
139
What is the highest common factor of 698 and 22493399?
349
Calculate the highest common factor of 89 and 79424401.
89
Calculate the greatest common factor of 1467568 and 17797.
1369
What is the highest common divisor of 2146156 and 72428?
3812
Calculate the highest common factor of 180624 and 202248.
1272
Calculate the greatest common factor of 31635654 and 1624062.
13422
Calculate the highest common factor of 9729 and 25454025.
423
What is the greatest common divisor of 5552652 and 476?
28
What is the highest common factor of 616 and 2374603?
77
Calculate the greatest common factor of 1301767 and 453331.
4159
Calculate the highest common factor of 1515 and 18758730.
1515
Calculate the highest common divisor of 3709293 and 5649.
21
Calculate the greatest common factor of 14 and 46809.
7
What is the highest common factor of 1890 and 16111494?
378
Calculate the greatest common factor of 3700 and 2037516.
148
What is the highest common divisor of 42607698 and 364?
14
What is the highest common factor of 20618610 and 15?
15
Calculate the greatest common factor of 6492917 and 17849.
1373
Calculate the greatest common factor of 19 and 8310366.
1
Calculate the highest common factor of 82866 and 230727.
21
What is the greatest common factor of 912 and 49894608?
912
What is the greatest common divisor of 9128678 and 12818?
754
What is the greatest common divisor of 3622917 and 148263?
219
What is the greatest common factor of 2000 and 10076175?
25
Calculate the greatest common divisor of 195 and 83679700.
65
Calculate the greatest common divisor of 196 and 34724046.
98
What is the greatest common divisor of 5095 and 1580?
5
What is the greatest common divisor of 562 and 403306936?
562
Calculate the highest common factor of 621794850 and 15.
15
Calculate the greatest common divisor of 455421603 and 273.
273
Calculate the highest common divisor of 54604 and 7707194.
1606
What is the highest common divisor of 5354836 and 37252?
556
What is the highest common divisor of 2850 and 6558990?
570
What is the greatest common factor of 36924349 and 1533?
511
What is the highest common divisor of 722457 and 21?
3
Calculate the highest common factor of 3409 and 3569710.
487
What is the greatest common divisor of 7952 and 294792?
568
Calculate the greatest common divisor of 19535714 and 6.
2
Calculate the highest common divisor of 888950 and 762450.
1150
Calculate the greatest common divisor of 1411828 and 40172.
484
What is the greatest common factor of 19888 and 193402?
22
Calculate the highest common factor of 20 and 2715088.
4
What is the highest common divisor of 34632 and 28912?
104
Calculate the greatest common factor of 36847797 and 52507.
4039
What is the greatest common factor of 4969854 and 90?
18
What is the greatest common divisor of 570105 and 36207?
27
What is the greatest common divisor of 3482 and 337132463?
1741
What is the greatest common divisor of 279876339 and 1395?
279
What is the highest common divisor of 168 and 2351818?
14
What is the highest common divisor of 930475 and 236600?
2275
Calculate the greatest common divisor of 17479660 and 54934.
242
What is the greatest common factor of 718764 and 24732?
12
Calculate the greatest common factor of 208707 and 15248.
953
Calculate the greatest common divisor of 51030 and 42756336.
3402
What is the highest common factor of 786 and 78599607?
393
Calculate the highest common factor of 81846073 and 1097.
1097
What is the highest common divisor of 106273080 and 152?
152
Calculate the greatest common factor of 5541 and 36757147.
1847
Calculate the greatest common divisor of 143 and 20028151.
143
Calculate the greatest common divisor of 118 and 952994.
2
What is the highest common divisor of 8298 and 56307462?
2766
Calculate the highest common divisor of 670610 and 120.
10
What is the greatest common factor of 5289803 and 2867?
47
What is the greatest common divisor of 1825 and 2140360?
365
Calculate the greatest common divisor of 94451 and 1036.
7
Calculate the highest common factor of 186145 and 150809.
631
Calculate the highest common divisor of 3588386 and 22828.
878
What is the highe